rime factors of 1607.
1607
List the prime factors of 2257.
37, 61
List the prime factors of 27664.
2, 7, 13, 19
List the prime factors of 1779.
3, 593
List the prime factors of 773.
773
What are the prime factors of 54513?
3, 673
List the prime factors of 8912.
2, 557
What are the prime factors of 31611?
3, 41, 257
List the prime factors of 6820.
2, 5, 11, 31
List the prime factors of 8856.
2, 3, 41
What are the prime factors of 2624?
2, 41
List the prime factors of 2285.
5, 457
What are the prime factors of 2499?
3, 7, 17
List the prime factors of 354.
2, 3, 59
What are the prime factors of 1673?
7, 239
List the prime factors of 2439.
3, 271
List the prime factors of 26521.
11, 2411
List the prime factors of 198.
2, 3, 11
List the prime factors of 2679.
3, 19, 47
What are the prime factors of 32974?
2, 16487
What are the prime factors of 109437?
3, 36479
List the prime factors of 26939.
11, 31, 79
What are the prime factors of 4329?
3, 13, 37
What are the prime factors of 3928?
2, 491
What are the prime factors of 17085?
3, 5, 17, 67
What are the prime factors of 3262?
2, 7, 233
What are the prime factors of 8524?
2, 2131
List the prime factors of 2284.
2, 571
What are the prime factors of 9277?
9277
List the prime factors of 11792.
2, 11, 67
List the prime factors of 6543.
3, 727
List the prime factors of 7483.
7, 1069
What are the prime factors of 59317?
23, 2579
What are the prime factors of 1940?
2, 5, 97
What are the prime factors of 6411?
3, 2137
What are the prime factors of 4191?
3, 11, 127
What are the prime factors of 26545?
5, 5309
List the prime factors of 3481.
59
List the prime factors of 30498.
2, 3, 13, 17, 23
List the prime factors of 2891.
7, 59
List the prime factors of 16632.
2, 3, 7, 11
List the prime factors of 7034.
2, 3517
List the prime factors of 4415.
5, 883
What are the prime factors of 432?
2, 3
What are the prime factors of 1290?
2, 3, 5, 43
List the prime factors of 123.
3, 41
List the prime factors of 4745.
5, 13, 73
What are the prime factors of 13374?
2, 3, 743
List the prime factors of 874.
2, 19, 23
What are the prime factors of 6705?
3, 5, 149
List the prime factors of 16949.
17, 997
What are the prime factors of 1458?
2, 3
What are the prime factors of 2879?
2879
What are the prime factors of 604?
2, 151
What are the prime factors of 3837?
3, 1279
List the prime factors of 31456.
2, 983
What are the prime factors of 66946?
2, 11, 17, 179
List the prime factors of 1055.
5, 211
What are the prime factors of 943?
23, 41
List the prime factors of 3272.
2, 409
List the prime factors of 1074.
2, 3, 179
List the prime factors of 2285.
5, 457
What are the prime factors of 959?
7, 137
What are the prime factors of 79651?
11, 13, 557
List the prime factors of 1871.
1871
What are the prime factors of 2573?
31, 83
What are the prime factors of 20147?
20147
What are the prime factors of 15172?
2, 3793
List the prime factors of 2133.
3, 79
List the prime factors of 4330.
2, 5, 433
What are the prime factors of 631?
631
List the prime factors of 26847.
3, 19, 157
List the prime factors of 50634.
2, 3, 29, 97
List the prime factors of 4935.
3, 5, 7, 47
List the prime factors of 160965.
3, 5, 7, 73
List the prime factors of 1436.
2, 359
List the prime factors of 1386.
2, 3, 7, 11
List the prime factors of 1446.
2, 3, 241
What are the prime factors of 10052?
2, 7, 359
What are the prime factors of 9011?
9011
List the prime factors of 11586.
2, 3, 1931
List the prime factors of 4662.
2, 3, 7, 37
What are the prime factors of 2943?
3, 109
List the prime factors of 71135.
5, 41, 347
What are the prime factors of 2354?
2, 11, 107
What are the prime factors of 3278?
2, 11, 149
What are the prime factors of 8679?
3, 11, 263
What are the prime factors of 3688?
2, 461
List the prime factors of 6698.
2, 17, 197
What are the prime factors of 160844?
2, 79, 509
List the prime factors of 3753.
3, 139
List the prime factors of 10037.
10037
List the prime factors of 21.
3, 7
What are the prime factors of 5522?
2, 11, 251
What are the prime factors of 16721?
23, 727
What are the prime factors of 53436?
2, 3, 61, 73
List the prime factors of 928.
2, 29
List the prime factors of 5770.
2, 5, 577
List the prime factors of 68.
2, 17
List the prime factors of 10183.
17, 599
List the prime factors of 7891.
13, 607
What are the prime factors of 2599?
23, 113
List the prime factors of 72684.
2, 3, 673
What are the prime factors of 51741?
3, 5749
What are the prime factors of 3335?
5, 23, 29
List the prime factors of 5788.
2, 1447
List the prime factors of 64503.
3, 2389
What are the prime factors of 1348?
2, 337
List the prime factors of 4173.
3, 13, 107
What are the prime factors of 86173?
17, 37, 137
What are the prime factors of 10311?
3, 7, 491
What are the prime factors of 1060?
2, 5, 53
List the prime factors of 4170.
2, 3, 5, 139
What are the prime factors of 1277?
1277
List the prime factors of 2191.
7, 313
What are the prime factors of 22861?
22861
What are the prime factors of 2406?
2, 3, 401
What are the prime factors of 1874?
2, 937
What are the prime factors of 32999?
32999
What are the prime factors of 55833?
3, 37, 503
What are the prime factors of 492?
2, 3, 41
List the prime factors of 12334.
2, 7, 881
What are the prime factors of 6526?
2, 13, 251
List the prime factors of 2228.
2, 557
List the prime factors of 93089.
93089
List the prime factors of 4435.
5, 887
List the prime factors of 73.
73
List the prime factors of 9006.
2, 3, 19, 79
List the prime factors of 18102.
2, 3, 7, 431
What are the prime factors of 8777?
67, 131
List the prime factors of 1331.
11
What are the prime factors of 2619?
3, 97
List the prime factors of 2612.
2, 653
What are the prime factors of 34150?
2, 5, 683
What are the prime factors of 182?
2, 7, 13
List the prime factors of 4462.
2, 23, 97
What are the prime factors of 3172?
2, 13, 61
List the prime factors of 907.
907
List the prime factors of 1397.
11, 127
What are the prime factors of 6411?
3, 2137
What are the prime factors of 1182?
2, 3, 197
What are the prime factors of 365?
5, 73
List the prime factors of 85057.
7, 29, 419
List the prime factors of 69880.
2, 5, 1747
What are the prime factors of 1202?
2, 601
List the prime factors of 3520.
2, 5, 11
What are the prime factors of 8999?
8999
List the prime factors of 23445.
3, 5, 521
What are the prime factors of 20243?
31, 653
List the prime factors of 6627.
3, 47
What are the prime factors of 9482?
2, 11, 431
What are the prime factors of 3852?
2, 3, 107
What are the prime factors of 557?
557
List the prime factors of 23855.
5, 13, 367
List the prime factors of 23250.
2, 3, 5, 31
What are the prime factors of 1835?
5, 367
What are the prime factors of 528?
2, 3, 11
What are the prime factors of 24860?
2, 5, 11, 113
List the prime factors of 11944.
2, 1493
What are the prime factors of 6090?
2, 3, 5, 7, 29
What are the prime factors of 12164?
2, 3041
What are the prime factors of 149229?
3, 5527
List the prime factors of 2407.
29, 83
List the prime factors of 13514.
2, 29, 233
List the prime factors of 1283.
1283
What are the prime factors of 35555?
5, 13, 547
What are the prime factors of 12694?
2, 11, 577
What are the prime factors of 122217?
3, 40739
List the prime factors of 6015.
3, 5, 401
What are the prime factors of 7674?
2, 3, 1279
List the prime factors of 2740.
2, 5, 137
What are the prime factors of 29935?
5, 5987
What are the prime factors of 6359?
6359
What are the prime factors of 1571?
1571
What are the prime factors of 14848?
2, 29
What are the prime factors of 6519?
3, 41, 53
List the prime factors of 45303.
3, 15101
List the prime factors of 97595.
5, 131, 149
List the prime factors of 168497.
7, 24071
List the prime factors of 2350.
2, 5, 47
List the prime factors of 2040.
2, 3, 5, 17
List the prime factors of 2532.
2, 3, 211
List the prime factors of 17425.
5, 17, 41
What are the prime factors of 841?
29
What are the prime factors of 61708?
2, 15427
What are the prime factors of 74?
2, 37
What are the prime factors of 1368?
2, 3, 19
List the prime factors of 65559.
3, 13, 41
List the prime factors of 27007.
113, 239
What are the prime factors of 75974?
2, 37987
List the prime factors of 2826.
2, 3, 157
List the prime